en 134 is divided by 80.
54
What is the remainder when 219 is divided by 13?
11
Calculate the remainder when 31425 is divided by 54.
51
What is the remainder when 214 is divided by 67?
13
Calculate the remainder when 221 is divided by 181.
40
Calculate the remainder when 362 is divided by 233.
129
Calculate the remainder when 3645 is divided by 69.
57
What is the remainder when 613 is divided by 198?
19
What is the remainder when 331 is divided by 115?
101
Calculate the remainder when 64 is divided by 22.
20
What is the remainder when 811 is divided by 68?
63
Calculate the remainder when 2192 is divided by 128.
16
Calculate the remainder when 1323 is divided by 25.
23
What is the remainder when 111 is divided by 40?
31
Calculate the remainder when 376 is divided by 207.
169
What is the remainder when 37 is divided by 7?
2
What is the remainder when 962 is divided by 107?
106
What is the remainder when 254 is divided by 52?
46
What is the remainder when 322 is divided by 36?
34
Calculate the remainder when 606 is divided by 38.
36
Calculate the remainder when 1697 is divided by 40.
17
Calculate the remainder when 131 is divided by 69.
62
What is the remainder when 261 is divided by 19?
14
Calculate the remainder when 20 is divided by 6.
2
Calculate the remainder when 487 is divided by 100.
87
What is the remainder when 8615 is divided by 221?
217
Calculate the remainder when 4768 is divided by 22.
16
What is the remainder when 38 is divided by 10?
8
What is the remainder when 207 is divided by 28?
11
Calculate the remainder when 107 is divided by 96.
11
Calculate the remainder when 579 is divided by 97.
94
Calculate the remainder when 830 is divided by 231.
137
Calculate the remainder when 397 is divided by 68.
57
Calculate the remainder when 700 is divided by 44.
40
What is the remainder when 716 is divided by 23?
3
Calculate the remainder when 4937 is divided by 20.
17
What is the remainder when 64 is divided by 20?
4
What is the remainder when 132 is divided by 17?
13
What is the remainder when 87 is divided by 8?
7
Calculate the remainder when 667 is divided by 133.
2
Calculate the remainder when 1170 is divided by 66.
48
Calculate the remainder when 257 is divided by 10.
7
Calculate the remainder when 1886 is divided by 16.
14
Calculate the remainder when 286 is divided by 77.
55
Calculate the remainder when 12 is divided by 7.
5
Calculate the remainder when 1455 is divided by 78.
51
What is the remainder when 336 is divided by 111?
3
Calculate the remainder when 114 is divided by 32.
18
What is the remainder when 455 is divided by 17?
13
What is the remainder when 599 is divided by 25?
24
Calculate the remainder when 1 is divided by 1.
0
Calculate the remainder when 3798 is divided by 95.
93
What is the remainder when 123 is divided by 56?
11
Calculate the remainder when 961 is divided by 4.
1
Calculate the remainder when 7040 is divided by 181.
162
What is the remainder when 42102 is divided by 76?
74
What is the remainder when 171 is divided by 60?
51
What is the remainder when 1250 is divided by 22?
18
Calculate the remainder when 2017 is divided by 92.
85
What is the remainder when 365 is divided by 9?
5
What is the remainder when 1801 is divided by 9?
1
What is the remainder when 601 is divided by 101?
96
Calculate the remainder when 45 is divided by 11.
1
Calculate the remainder when 395 is divided by 11.
10
Calculate the remainder when 126 is divided by 52.
22
What is the remainder when 254 is divided by 38?
26
Calculate the remainder when 186 is divided by 12.
6
Calculate the remainder when 1594 is divided by 131.
22
Calculate the remainder when 571 is divided by 142.
3
What is the remainder when 137 is divided by 29?
21
What is the remainder when 143 is divided by 40?
23
What is the remainder when 44 is divided by 9?
8
Calculate the remainder when 215 is divided by 13.
7
What is the remainder when 418 is divided by 15?
13
What is the remainder when 20588 is divided by 36?
32
What is the remainder when 146 is divided by 42?
20
Calculate the remainder when 2430 is divided by 3.
0
Calculate the remainder when 438 is divided by 34.
30
What is the remainder when 24701 is divided by 69?
68
Calculate the remainder when 556 is divided by 42.
10
What is the remainder when 285 is divided by 44?
21
What is the remainder when 45 is divided by 6?
3
Calculate the remainder when 724 is divided by 127.
89
What is the remainder when 507 is divided by 85?
82
Calculate the remainder when 3831 is divided by 27.
24
What is the remainder when 769 is divided by 249?
22
What is the remainder when 2546 is divided by 26?
24
Calculate the remainder when 1125 is divided by 373.
6
What is the remainder when 55 is divided by 3?
1
Calculate the remainder when 61 is divided by 27.
7
What is the remainder when 74 is divided by 7?
4
What is the remainder when 27 is divided by 27?
0
What is the remainder when 173 is divided by 85?
3
Calculate the remainder when 250 is divided by 7.
5
Calculate the remainder when 2753 is divided by 251.
243
Calculate the remainder when 10853 is divided by 162.
161
What is the remainder when 88 is divided by 10?
8
Calculate the remainder when 625 is divided by 57.
55
What is the remainder when 4676 is divided by 39?
35
Calculate the remainder when 365 is divided by 41.
37
What is the remainder when 93 is divided by 36?
21
Calculate the remainder when 3253 is divided by 163.
156
What is the remainder when 375 is divided by 24?
15
What is the remainder when 911 is divided by 153?
146
What is the remainder when 251 is divided by 92?
67
What is the remainder when 571 is divided by 64?
59
Calculate the remainder when 78 is divided by 17.
10
What is the remainder when 281 is divided by 29?
20
Calculate the remainder when 589 is divided by 59.
58
What is the remainder when 380 is divided by 71?
25
Calculate the remainder when 190 is divided by 62.
4
What is the remainder when 370 is divided by 118?
16
Calculate the remainder when 365 is divided by 16.
13
Calculate the remainder when 4994 is divided by 218.
198
What is the remainder when 1097 is divided by 242?
129
What is the remainder when 731 is divided by 363?
5
What is the remainder when 1151 is divided by 144?
143
Calculate the remainder when 25 is divided by 3.
1
Calculate the remainder when 561 is divided by 94.
91
What is the remainder when 49 is divided by 22?
5
Calculate the remainder when 19265 is divided by 169.
168
What is the remainder when 93 is divided by 6?
3
What is the remainder when 1427 is divided by 52?
23
What is the remainder when 743 is divided by 269?
205
What is the remainder when 4534 is divided by 566?
6
Calculate the remainder when 84 is divided by 60.
24
Calculate the remainder when 2239 is divided by 32.
31
Calculate the remainder when 1645 is divided by 55.
50
Calculate the remainder when 165 is divided by 19.
13
What is the remainder when 945 is divided by 19?
14
What is the remainder when 735 is divided by 48?
15
Calculate the remainder when 390 is divided by 240.
150
What is the remainder when 110 is divided by 21?
5
What is the remainder when 243 is divided by 50?
43
Calculate the remainder when 320 is divided by 93.
41
What is the remainder when 74 is divided by 22?
8
Calculate the remainder when 765 is divided by 32.
29
Calculate the remainder when 174 is divided by 17.
4
Calculate the remainder when 238 is divided by 10.
8
What is the remainder when 64 is divided by 33?
31
Calculate the remainder when 1476 is divided by 51.
48
Calculate the remainder when 465 is divided by 232.
1
What is the remainder when 1013 is divided by 201?
8
Calculate the remainder when 92 is divided by 9.
2
What is the remainder when 157 is divided by 37?
9
What is the remainder when 254 is divided by 33?
23
Calculate the remainder when 24 is divided by 15.
9
Calculate the remainder when 1104 is divided by 13.
12
Calculate the remainder when 39 is divided by 23.
16
Calculate the remainder when 265 is divided by 18.
13
Calculate the remainder when 112 is divided by 39.
34
Calculate the remainder when 864 is divided by 65.
19
Calculate the remainder when 94 is divided by 20.
14
What is the remainder when 202 is divided by 52?
46
What is the remainder when 154 is divided by